se
Is 22641840 a multiple of 60?
True
Is 610091730 a multiple of 2110?
True
Is 4 a factor of 175771978?
False
Does 434 divide 102290238?
False
Does 4213 divide 597589364?
False
Is 28472919 a multiple of 69?
True
Is 1489439 a multiple of 71?
False
Is 1320 a factor of 58442623?
False
Is 23926292 a multiple of 15?
False
Is 122 a factor of 53942788?
True
Is 575 a factor of 1802320?
False
Does 78 divide 11838372?
True
Does 3722 divide 2750505892?
True
Does 10 divide 261519010?
True
Is 56357614 a multiple of 58?
True
Is 6175496355 a multiple of 1685?
True
Is 21578640 a multiple of 376?
True
Does 70 divide 8868361?
False
Is 12062546 a multiple of 1229?
False
Does 3676 divide 175214839?
False
Is 483 a factor of 4081913178?
True
Does 481 divide 3349141432?
True
Does 98 divide 2609587806?
True
Does 3819 divide 164782212?
True
Does 451 divide 69170321?
True
Does 6 divide 118110067?
False
Does 16 divide 24519264?
True
Does 535 divide 751409503?
False
Does 126 divide 3592197?
False
Does 15 divide 446512468?
False
Is 79784580 a multiple of 866?
True
Does 483 divide 343632857?
False
Is 3638 a factor of 333899278?
True
Does 967 divide 220700344?
True
Does 74 divide 22825744?
True
Does 174 divide 820408086?
True
Does 33 divide 31696731?
True
Is 19 a factor of 11927910?
False
Is 1044771286 a multiple of 1187?
True
Does 11 divide 215078?
False
Is 8 a factor of 132033728?
True
Does 128 divide 1833672960?
True
Does 25 divide 11212300?
True
Is 444 a factor of 514569741?
False
Is 6 a factor of 16704299?
False
Is 54819702 a multiple of 18?
True
Is 2250648260 a multiple of 70?
True
Is 435319789 a multiple of 155?
False
Is 868 a factor of 77611352?
True
Does 22 divide 1744585157?
False
Is 351735657 a multiple of 13?
True
Is 155201676 a multiple of 939?
True
Does 82 divide 1431837014?
True
Is 125443971 a multiple of 1593?
True
Does 8308 divide 4494279064?
True
Does 20 divide 32146589?
False
Is 15426201 a multiple of 3?
True
Is 193822882 a multiple of 35?
False
Is 36 a factor of 5403573171?
False
Does 1942 divide 67187374?
True
Is 29255090 a multiple of 710?
False
Does 9 divide 233891658?
True
Is 4099 a factor of 1186459649?
True
Is 7689678 a multiple of 17?
True
Does 243 divide 29884186?
False
Is 262671984 a multiple of 6?
True
Does 79 divide 21005705?
True
Does 32 divide 464745792?
True
Does 2071 divide 10099944?
False
Is 13231501 a multiple of 179?
True
Is 11 a factor of 40300841?
False
Does 242 divide 161255405?
False
Is 694295239 a multiple of 431?
False
Does 355 divide 17649180?
True
Does 15 divide 381597150?
True
Is 16 a factor of 6395781?
False
Is 108 a factor of 95660548?
False
Is 409 a factor of 127738880?
True
Is 1186711 a multiple of 31?
True
Is 7048 a factor of 1680940952?
True
Is 527 a factor of 1750890894?
False
Is 41947200 a multiple of 320?
True
Is 86 a factor of 10189748?
False
Does 1173 divide 755508177?
False
Does 90 divide 17457210?
True
Is 24763028 a multiple of 242?
False
Does 376 divide 33675472?
False
Is 21 a factor of 7209843?
False
Does 1460 divide 29023505?
False
Is 252039947 a multiple of 34?
False
Does 21 divide 2378290713?
False
Is 6165 a factor of 2269458317?
False
Is 2149 a factor of 1461993539?
False
Does 49 divide 1702190428?
False
Is 17013800 a multiple of 10?
True
Is 630329726 a multiple of 1783?
True
Does 26 divide 15823308?
False
Does 1915 divide 56393749?
False
Does 3544 divide 1074055272?
True
Does 540 divide 1139160240?
True
Does 82 divide 168808697?
False
Is 21 a factor of 225984467?
False
Is 512052254 a multiple of 80?
False
Is 565578422 a multiple of 390?
False
Is 32053874 a multiple of 58?
True
Does 1323 divide 73720650?
False
Is 110 a factor of 21765590?
True
Is 13133301 a multiple of 9?
False
Is 265 a factor of 920650280?
True
Is 62183953 a multiple of 693?
False
Is 6 a factor of 34427679?
False
Is 32901658 a multiple of 65?
False
Is 59 a factor of 36920901?
False
Is 505252930 a multiple of 5189?
True
Does 26 divide 3346078?
False
Is 602 a factor of 67505270?
True
Is 147 a factor of 129739995?
True
Is 47 a factor of 324902887?
False
Is 19602288 a multiple of 262?
False
Is 762 a factor of 354680520?
True
Is 27736895 a multiple of 16?
False
Does 78 divide 22378824?
True
Is 220790742 a multiple of 135?
False
Is 1687717780 a multiple of 694?
True
Does 49 divide 4250899205?
True
Is 12 a factor of 16694988?
True
Is 141426680 a multiple of 6?
False
Does 26 divide 10640292?
True
Is 1347 a factor of 58670755?
False
Is 17156514 a multiple of 1934?
True
Does 16 divide 59955567?
False
Is 53105604 a multiple of 1964?
False
Is 155 a factor of 97761938?
False
Is 197434914 a multiple of 19?
False
Is 70 a factor of 754022746?
False
Does 26 divide 113950642?
True
Is 15 a factor of 224497014?
False
Is 2 a factor of 245307?
False
Is 8 a factor of 2250550?
False
Does 27 divide 780807629?
False
Is 31725103 a multiple of 41?
True
Is 25029816 a multiple of 1167?
True
Is 836 a factor of 50775296?
True
Does 257 divide 15728689?
False
Does 1850 divide 5509278356?
False
Is 39439672 a multiple of 244?
True
Does 13 divide 17915755?
True
Is 27576409 a multiple of 87?
False
Is 5 a factor of 57644185?
True
Does 6 divide 74339742?
True
Is 286 a factor of 4267406?
True
Does 16 divide 1611383616?
True
Is 3247718841 a multiple of 8717?
True
Does 97 divide 28149556?
False
Is 196966650 a multiple of 4225?
False
Is 3 a factor of 75236153?
False
Is 111 a factor of 591247309?
False
Is 19 a factor of 63618973?
True
Is 32 a factor of 281350848?
True
Does 126 divide 23276055?
False
Does 2514 divide 172973256?
True
Does 685 divide 146766798?
False
Is 13006314 a multiple of 12?
False
Is 211186354 a multiple of 101?
True
Is 123 a factor of 117091241?
False
Does 56 divide 377987425?
False
Does 7905 divide 1300364595?
True
Is 49 a factor of 1484606411?
False
Is 3 a factor of 110302818?
True
Does 60 divide 38171460?
True
Does 630 divide 11821950?
True
Does 426 divide 32723974?
False
Is 239 a factor of 149222040?
True
Is 1284 a factor of 91365588?
True
Is 161 a factor of 2087083937?
False
Does 2 divide 3492404?
True
Does 9 divide 2679135660?
True
Is 14376499 a multiple of 244?
False
Does 16 divide 66282732?
False
Is 55 a factor of 3778262?
False
Is 19 a factor of 2726337?
False
Does 23 divide 63704457?
True
Is 25828152 a multiple of 14?
True
Is 28451917 a multiple of 170?
False
Is 89319828 a multiple of 6?
True
Does 1220 divide 253953980?
True
Is 2 a factor of 1328466?
True
Is 1381 a factor of 9259605?
True
Is 2623 a factor of 1875229016?
False
Is 1088 a factor of 7140573?
False
Is 34981810 a multiple of 14?
False
Is 256804614 a multiple of 253?
True
Is 5002 a factor of 2448028820?
True
Is 3587690310 a multiple of 3810?
True
Does 37 divide 2111233971?
False
Does 536 divide 10769656?
False
Is 13 a factor of 5818193?
False
Does 16 divide 13299872?
True
Does 1938 divide 28854135?
False
Does 2347 divide 374691509?
True
Is 221696081 a multiple of 35?
False
Is 9387810 a multiple of 227?
False
Does 254 divide 142498064?
True
Does 25 divide 1099588282?
False
Is 4049031552 a multiple of 1074?
True
Is 361 a factor of 121210772?
False
Is 73875045 a multiple of 11?
False
Does 4 divide 188005060?
True
Is 22 a factor of 2858648642?
False
Is 87 a factor of 138578646?
True
Is 22 a factor of 27594908?
True
Does 95 divide 33297595?
True
Is 23894612 a multiple of 469?
True
Is 290896118 a multiple of 2014?
True
Does 1981 divide 188361404?
True
Is 3949 a factor of 94762591?
False
Does 204 divide 1871103300?
True
Does 3 divide 50360780?
False
Does 3 divide 4818039?
True
Does 48 divide 1297392?
True
Does 72 divide 76859568?
True
Is 27510 a multiple of 105?
True
Does 14 divide 57418242?
True
Is 655201082 a multiple of 4049?
True
Is 2498724 a multiple of 279?
True
Is 46 a factor of 12879248?
False
Does 139 divide 8745880?
True
Does 375 divide 121263750?
True
Is 13642629 a multiple of 847?
True
Does 2125 divide 33035018?
False
Is 1534084229 a multiple of 538?
False
Is 123 a factor of 30883977?
False
Does 67 divide 188921709?
True
Does 4 divide 13970745?
False
Does 15 divide 73395120?
True
Is 100715140 a multiple of 68?
True
Is 37916304 a multiple of 436?
True
Is 1932 a factor of 195114612?
True
Does 33 divide 204174151?
False
Is 1040460000 a multiple of 15?
True
Is 278924087 a multiple of 308?
F